hat are the prime factors of 116848141?
116848141
List the prime factors of 4697729.
17, 276337
What are the prime factors of 460199165?
5, 149, 617717
What are the prime factors of 109021939?
13, 8386303
What are the prime factors of 1414632806?
2, 707316403
List the prime factors of 443749220.
2, 5, 22187461
What are the prime factors of 51431304?
2, 3, 2142971
List the prime factors of 522530541.
3, 13, 107, 13913
List the prime factors of 50614759.
13, 157, 24799
What are the prime factors of 398721699?
3, 44302411
What are the prime factors of 88353167?
7, 227, 55603
What are the prime factors of 25277629?
13, 131, 14843
What are the prime factors of 107794880?
2, 5, 229, 1471
What are the prime factors of 863955536?
2, 19, 211, 13469
What are the prime factors of 650348989?
23, 28276043
What are the prime factors of 36550945?
5, 7310189
List the prime factors of 81799562.
2, 13, 3146137
What are the prime factors of 63212341?
17, 3718373
List the prime factors of 6558285.
3, 5, 437219
What are the prime factors of 2720781281?
2720781281
What are the prime factors of 2995634253?
3, 31, 47, 53, 67, 193
What are the prime factors of 28976803?
23, 311, 4051
What are the prime factors of 74285526?
2, 3, 7, 233, 7591
What are the prime factors of 125442698?
2, 41, 433, 3533
List the prime factors of 430679715.
3, 5, 23, 1248347
What are the prime factors of 62270514?
2, 3, 3459473
What are the prime factors of 72968799?
3, 2297, 10589
List the prime factors of 174045193.
7, 24863599
What are the prime factors of 36652080?
2, 3, 5, 152717
What are the prime factors of 1439213180?
2, 5, 349, 206191
What are the prime factors of 244870294?
2, 43, 193, 14753
List the prime factors of 65449840.
2, 5, 818123
What are the prime factors of 286705042?
2, 13, 269, 40993
List the prime factors of 430106394.
2, 3, 23, 1031, 3023
List the prime factors of 911605134.
2, 3, 11, 13812199
What are the prime factors of 159249372?
2, 3, 13270781
What are the prime factors of 215047188?
2, 3, 5973533
List the prime factors of 1943941350.
2, 3, 5, 13, 67, 14879
What are the prime factors of 1083441745?
5, 83, 211, 12373
List the prime factors of 1892340.
2, 3, 5, 10513
List the prime factors of 212342938.
2, 1951, 54419
List the prime factors of 1094842490.
2, 5, 7, 15640607
List the prime factors of 4683126893.
101, 3733, 12421
What are the prime factors of 2343976917?
3, 781325639
List the prime factors of 1655940722.
2, 827970361
What are the prime factors of 146595694?
2, 7, 2903, 3607
List the prime factors of 622823196.
2, 3, 51901933
What are the prime factors of 574865658?
2, 3, 31936981
What are the prime factors of 500504008?
2, 739, 84659
List the prime factors of 1944503223.
3, 13, 47, 127, 8353
List the prime factors of 118675245.
3, 5, 13, 608591
List the prime factors of 54887343.
3, 7, 29, 90127
List the prime factors of 219535866.
2, 3, 11, 33599
What are the prime factors of 17680632?
2, 3, 229, 3217
What are the prime factors of 13582346?
2, 541, 12553
What are the prime factors of 1311298?
2, 655649
List the prime factors of 14539501.
14539501
What are the prime factors of 559872489?
3, 11, 16965833
List the prime factors of 128875702.
2, 79, 815669
What are the prime factors of 1616957161?
1616957161
What are the prime factors of 2073691837?
7, 83, 383, 9319
List the prime factors of 467503507.
103, 109, 41641
What are the prime factors of 409715775?
3, 5, 7, 260137
What are the prime factors of 542844550?
2, 5, 53, 79, 2593
List the prime factors of 99889810.
2, 5, 9988981
What are the prime factors of 95602130?
2, 5, 13, 197, 3733
What are the prime factors of 144789859?
144789859
List the prime factors of 114421620.
2, 3, 5, 31, 227, 271
List the prime factors of 2943641626.
2, 43, 439, 77969
What are the prime factors of 267444644?
2, 23, 89, 367
What are the prime factors of 406885991?
109, 3732899
List the prime factors of 441916442.
2, 11, 29, 62969
What are the prime factors of 4224826610?
2, 5, 422482661
What are the prime factors of 668588189?
17, 41, 959237
What are the prime factors of 123667095?
3, 5, 17, 83, 5843
What are the prime factors of 65824037?
19, 3464423
List the prime factors of 213223705.
5, 42644741
What are the prime factors of 820564247?
89, 9219823
List the prime factors of 1285067025.
3, 5, 11, 31, 1861
What are the prime factors of 101948458?
2, 50974229
List the prime factors of 468039137.
157, 367, 8123
What are the prime factors of 101744726?
2, 67, 283, 2683
What are the prime factors of 389983402?
2, 194991701
What are the prime factors of 1288537577?
1288537577
What are the prime factors of 203661842?
2, 41, 79, 149, 211
List the prime factors of 266167499.
13, 2917, 7019
What are the prime factors of 596729727?
3, 11, 2009191
List the prime factors of 1050621970.
2, 5, 105062197
List the prime factors of 4613638515.
3, 5, 89, 3455909
What are the prime factors of 134458105?
5, 3313, 8117
List the prime factors of 16533512.
2, 421, 4909
List the prime factors of 1682547799.
1682547799
List the prime factors of 280903432.
2, 139, 252611
List the prime factors of 34146091.
7, 79, 8821
What are the prime factors of 186155983?
13, 14319691
List the prime factors of 18130846.
2, 31, 229, 1277
What are the prime factors of 2921870799?
3, 36072479
What are the prime factors of 138321984?
2, 3, 37, 19471
List the prime factors of 340700915.
5, 1933, 35251
What are the prime factors of 243737769?
3, 11, 1933, 3821
List the prime factors of 532861879.
11, 48441989
What are the prime factors of 231119021?
7, 19, 197, 8821
List the prime factors of 60918060.
2, 3, 5, 7, 145043
List the prime factors of 33590968.
2, 37, 283, 401
List the prime factors of 3853098412.
2, 1097, 878099
What are the prime factors of 1663432790?
2, 5, 61, 2726939
List the prime factors of 1698804015.
3, 5, 6701, 16901
What are the prime factors of 929972943?
3, 103330327
What are the prime factors of 111179099?
17, 107, 61121
What are the prime factors of 73082277?
3, 127, 21313
What are the prime factors of 7506392?
2, 919, 1021
What are the prime factors of 64608266?
2, 1693, 19081
List the prime factors of 2534718872.
2, 7, 45262837
List the prime factors of 56634795.
3, 5, 7, 6659
List the prime factors of 98343976.
2, 197, 62401
What are the prime factors of 140604637?
17, 71, 116491
What are the prime factors of 149544560?
2, 5, 11, 169937
List the prime factors of 99575905.
5, 11, 13, 139267
List the prime factors of 190391709.
3, 63463903
What are the prime factors of 3171128747?
19, 4721, 35353
List the prime factors of 15191382.
2, 3, 137, 18481
What are the prime factors of 75605814?
2, 3, 113, 37171
List the prime factors of 1670585076.
2, 3, 37, 1254193
What are the prime factors of 29077904?
2, 19, 95651
What are the prime factors of 2049400782?
2, 3, 11, 13, 796193
List the prime factors of 67496377.
13, 5192029
List the prime factors of 1261552008.
2, 3, 131, 149, 2693
List the prime factors of 19535780.
2, 5, 11, 88799
What are the prime factors of 1852467174?
2, 3, 102914843
What are the prime factors of 74359768?
2, 7, 17, 19, 4111
List the prime factors of 4315000358.
2, 19, 113552641
List the prime factors of 940452861.
3, 19, 29, 59, 9643
List the prime factors of 1145773110.
2, 3, 5, 38192437
List the prime factors of 349080733.
349080733
List the prime factors of 46276592.
2, 2892287
List the prime factors of 2836249702.
2, 11, 13, 41, 241877
What are the prime factors of 28615207?
28615207
List the prime factors of 56645965.
5, 11329193
List the prime factors of 909054511.
193, 4710127
List the prime factors of 127836221.
37, 3455033
What are the prime factors of 11729822?
2, 13, 97, 4651
What are the prime factors of 293369223?
3, 7, 1995709
What are the prime factors of 35443656?
2, 3, 83, 659
What are the prime factors of 639140238?
2, 3, 11, 23, 293, 479
List the prime factors of 4727097986.
2, 13, 271, 51607
What are the prime factors of 43736292?
2, 3, 29, 41893
List the prime factors of 150335278.
2, 1013, 74203
List the prime factors of 191919864.
2, 3, 7996661
List the prime factors of 430714267.
257, 1675931
What are the prime factors of 13255717?
1733, 7649
What are the prime factors of 150232704?
2, 